{"id":1462,"date":"2022-06-20T06:16:26","date_gmt":"2022-06-20T06:16:26","guid":{"rendered":"https:\/\/beat-af.com\/?page_id=1462"},"modified":"2022-06-20T08:47:09","modified_gmt":"2022-06-20T08:47:09","slug":"ueber-die-studie","status":"publish","type":"page","link":"https:\/\/beat-af.com\/?page_id=1462&lang=de","title":{"rendered":"\u00dcBER DIE STUDIE"},"content":{"rendered":"\r\n\t<section class=\"section\" id=\"section_2112947857\">\n\t\t<div class=\"bg section-bg fill bg-fill  bg-loaded\" >\n\n\t\t\t\n\t\t\t\n\t\t\t\n\n\t\t<\/div>\n\n\t\t<div class=\"section-content relative\">\n\t\t\t <div class=\"text-center\"><div class=\"is-divider divider clearfix\" style=\"max-width:213px;height:4px;background-color:rgb(212, 12, 12);\"><\/div><\/div>\r\n<h1 style=\"text-align: center; font-size: 60px;\">\u00dcBER DIE STUDIE<\/h1>\r\n\t<div id=\"gap-1640363267\" class=\"gap-element clearfix\" style=\"display:block; height:auto;\">\n\t\t\n<style scope=\"scope\">\n\n#gap-1640363267 {\n  padding-top: 30px;\n}\n<\/style>\n\t<\/div>\n\t <div class=\"row row-large align-middle\" style=\"max-width:1300px\" id=\"row-1543208000\"> \n\t<div class=\"col medium-12 small-12 large-7\"  >\n\t\t<div class=\"col-inner\"  >\n\t\t\t\n\t\t\t \n  <div class=\"banner has-hover\" id=\"banner-452746762\">\n          <div class=\"banner-inner fill\">\n        <div class=\"banner-bg fill\" >\n            <div class=\"bg fill bg-fill \"><\/div>\n                                    \n                    <\/div>\n        <div class=\"banner-layers container\">\n            <div class=\"fill banner-link\"><\/div>                     <\/div>\n      <\/div>\n\n            \n<style scope=\"scope\">\n\n#banner-452746762 {\n  padding-top: 300px;\n  background-color: rgb(255, 255, 255);\n}\n#banner-452746762 .bg.bg-loaded {\n  background-image: url(https:\/\/beat-af.com\/wp-content\/uploads\/2021\/10\/iStock-1027141710-1232x800.jpg);\n}\n\n\n@media (min-width:550px) {\n\n  #banner-452746762 {\n    padding-top: 500px;\n  }\n\n}\n<\/style>\n  <\/div>\n\n \t\t<\/div>\n\t<\/div>\n\n\t \n\t<div class=\"col medium-10 small-12 large-5\"  >\n\t\t<div class=\"col-inner\" style=\"padding:0px 0px 0px 30px;\" >\n\t\t\t\n\t\t\t \t<div id=\"gap-1188057081\" class=\"gap-element clearfix\" style=\"display:block; height:auto;\">\n\t\t\n<style scope=\"scope\">\n\n#gap-1188057081 {\n  padding-top: 30px;\n}\n<\/style>\n\t<\/div>\n\t\r\n<h2>DAS BEAT-AF PROJEKT<\/h2>\r\n<div class=\"is-divider divider clearfix\" style=\"max-width:100px;height:4px;background-color:rgb(212, 12, 12);\"><\/div>\r\n<p>Das Projekt BEAT-AF (Ground-BrEAkingElectroporation-basedinTerventionforAtrialFibrillationtreatment) ist eine von der <span style=\"color: #ffff00;\"><a style=\"color: #ffff00;\" href=\"https:\/\/ec.europa.eu\/info\/funding-tenders\/opportunities\/portal\/screen\/home\" target=\"_blank\" rel=\"noopener\">Europ\u00e4ischen Kommission<\/a><\/span> f\u00fcr 60 Monate finanzierte Studie, die am 1. M\u00e4rz 2021 begann. Sie ist Teil der HADEA-Agentur (<span style=\"color: #ffff00;\"><a style=\"color: #ffff00;\" href=\"https:\/\/hadea.ec.europa.eu\/index_en\" target=\"_blank\" rel=\"noopener\">European Healthand Digital Executive Agency<\/a><\/span>). Das BEAT-AF-Konsortium besteht aus 9 Partnern aus ganz Europa (Frankreich, Deutschland, Belgien, \u00d6sterreich, Tschechien), die auf der Seite &#8220;DIE ZENTREN&#8221; vorgestellt werden. Der Koordinator ist Prof. <span style=\"color: #ffff00;\"><a style=\"color: #ffff00;\" href=\"https:\/\/www.ihu-liryc.fr\/fr\/professeur-pierre-j\" target=\"_blank\" rel=\"noopener\">Pierre Ja\u00efs<\/a><\/span> von der Universit\u00e4t Bordeaux.<\/p>\r\n\t\t<\/div>\n\t<\/div>\n\n\t \n<style scope=\"scope\">\n\n<\/style>\n<\/div> <div class=\"row row-large align-middle\" style=\"max-width:1300px\" id=\"row-109456594\"> \n\t<div class=\"col medium-10 small-12 large-5\"  >\n\t\t<div class=\"col-inner\" style=\"padding:0px 0px 0px 30px;\" >\n\t\t\t\n\t\t\t \t<div id=\"gap-137146744\" class=\"gap-element clearfix\" style=\"display:block; height:auto;\">\n\t\t\n<style scope=\"scope\">\n\n#gap-137146744 {\n  padding-top: 30px;\n}\n<\/style>\n\t<\/div>\n\t\r\n<h2>VORHOFFLIMMERN<\/h2>\r\n<div class=\"is-divider divider clearfix\" style=\"max-width:100px;height:4px;background-color:rgb(212, 12, 12);\"><\/div>\r\n<p>Vorhofflimmern (AF) ist die h\u00e4ufigste Rhythmusst\u00f6rung und f\u00fcr ein Drittel der Kosten f\u00fcr Herz-Kreislauf-Erkrankungen verantwortlich; in Europa sind \u00fcber 10 Millionen Menschen davon betroffen. Vorhofflimmern hat nicht nur erhebliche Auswirkungen auf die Lebensqualit\u00e4t, sondern setzt die Patienten auch dem Risiko von Schlaganfall, Herzversagen, Demenz und Tod aus. Vorhofflimmern ist die am h\u00e4ufigsten abladierte Arrhythmie. Die Pulmonalvenenisolation (PVI) ist der Eckpfeiler der Vorhofflimmerablation, da sie insbesondere bei Patienten mit paroxysmalem Vorhofflimmern Rezidive verhindert. Bei der Katheterablation von Vorhofflimmern wird entweder Radiofrequenz (RF) oder kryothermische Energie (Kryo) verwendet. Gemeinsam ist diesen thermischen Energiequellen, dass sie auf einer zeitabh\u00e4ngigen konduktiven Erw\u00e4rmung\/K\u00fchlung beruhen und dass sie unterschiedslos alle Gewebetypen abladieren. Das Ablationsverfahren ist langwierig, erfordert F\u00e4higkeiten und Fachwissen und hat eine begrenzte Erfolgsquote, vor allem wegen der nicht dauerhaften L\u00e4sionen nach PVI, die h\u00e4ufige Wiederholungseingriffe erfordern. Au\u00dferdem sind diese Energien aufgrund ihres thermischen Charakters mit seltenen, aber schweren Komplikationen verbunden.<\/p>\r\n<p>&nbsp;<\/p>\r\n\t\t<\/div>\n\t<\/div>\n\n\t \n\t<div class=\"col medium-12 small-12 large-7\"  >\n\t\t<div class=\"col-inner\"  >\n\t\t\t\n\t\t\t \t<div class=\"img has-hover x md-x lg-x y md-y lg-y\" id=\"image_307712086\">\n\t\t\t\t\t\t\t\t<div class=\"img-inner dark\" >\n\t\t\t<img loading=\"lazy\" decoding=\"async\" width=\"800\" height=\"800\" src=\"https:\/\/beat-af.com\/wp-content\/uploads\/2021\/09\/9XHipJ7A-800x800.jpeg\" class=\"attachment-large size-large\" alt=\"\" srcset=\"https:\/\/beat-af.com\/wp-content\/uploads\/2021\/09\/9XHipJ7A-800x800.jpeg 800w, https:\/\/beat-af.com\/wp-content\/uploads\/2021\/09\/9XHipJ7A-400x400.jpeg 400w, https:\/\/beat-af.com\/wp-content\/uploads\/2021\/09\/9XHipJ7A-280x280.jpeg 280w, https:\/\/beat-af.com\/wp-content\/uploads\/2021\/09\/9XHipJ7A-768x768.jpeg 768w, https:\/\/beat-af.com\/wp-content\/uploads\/2021\/09\/9XHipJ7A-1536x1536.jpeg 1536w, https:\/\/beat-af.com\/wp-content\/uploads\/2021\/09\/9XHipJ7A-2048x2048.jpeg 2048w\" sizes=\"auto, (max-width: 800px) 100vw, 800px\" \/>\t\t\t\t\t\t\n\t\t\t\t\t<\/div>\n\t\t\t\t\t\t\t\t\n<style scope=\"scope\">\n\n#image_307712086 {\n  width: 100%;\n}\n<\/style>\n\t<\/div>\n\t \t\t<\/div>\n\t<\/div>\n\n\t \n<style scope=\"scope\">\n\n<\/style>\n<\/div> <div class=\"row\"  id=\"row-1357571483\"> \n\t<div class=\"col small-12 large-12\"  >\n\t\t<div class=\"col-inner\"  >\n\t\t\t\n\t\t\t <div class=\"text-center\"><div class=\"is-divider divider clearfix\" style=\"max-width:226px;height:6px;background-color:rgb(31, 57, 137);\"><\/div><\/div>\r\n<h2 class=\"uppercase\" style=\"text-align: Center;\">DIE BEAT AF-STUDIE UND IHRE ZIELE<\/h2>\r\n<p>Das Ziel von BEAT AF ist die Vorhofflimmerablation zu ver\u00e4ndern um einen dauerhaften PVI mit permanenten und transmuralen Ablationsl\u00e4sionen unter Verwendung von gepulster elektrischer Feldenergie (PFA) zur erreichen. PFA ist nicht-thermisch und erzeugt kleinste Poren in Zellmembranen. Herzzellen sind im Gegensatz zu Phrenikus- und \u00d6sophaguszellen sehr empfindlich gegen\u00fcber PFA.<\/p>\r\n<p>BEAT AF soll zeigen, dass die PFA-Ablation schneller, wirksamer und sicherer (Gewebeselektivit\u00e4t) ist als die HF- oder Kryo-Ablation. Zu diesem Zweck werden zwei verschiedene randomisierte klinische Studien durchgef\u00fchrt:<\/p>\r\n<p>1) erste vergleichende Beweise f\u00fcr die \u00dcberlegenheit der PFA gegen\u00fcber der RF hinsichtlich der 1-Jahres-Rezidivrate bei paroxysmalem Vorhofflimmern zu erbringen, und<\/p>\r\n<p>2) erste Belege f\u00fcr die potenzielle Wirksamkeit der PFA auf die Rate der klinischen 1-Jahres-Rezidive bei persistierendem Vorhofflimmern zu liefern.<\/p>\r\n<p>Das BEAT AF-Konsortium besteht aus 9 renommierten klinischen Zentren in Europa (Frankreich, Tschechische Republik, Deutschland, \u00d6sterreich, Belgien), die den Grundstein f\u00fcr gro\u00dfe Studien legen und dazu beitragen, die enorme Belastung durch Vorhofflimmern in Europa zu verringern.<\/p>\r\n<p>UPDATES:<\/p>\r\n<p><strong>September 2021: Wir arbeiten daran, die Genehmigungen f\u00fcr die Durchf\u00fchrung der Studien in den verschiedenen L\u00e4ndern zu erhalten, indem wir den lokalen Ethikkommissionen das Protokoll gem\u00e4\u00df dem neuen europ\u00e4ischen Gesetz \u00fcber Studien mit Medizinprodukten vorlegen.<\/p>\r\n<p>FAKTENBLATT BEAT AF:<\/p>\r\n<p><a href=\"https:\/\/cordis.europa.eu\/project\/id\/945125\">https:\/\/cordis.europa.eu\/project\/id\/945125<\/a><\/p>\r\n<p>&nbsp;<\/p>\r\n\t\t<\/div>\n\t<\/div>\n\n\t <\/div> \t\t<\/div>\n\n\t\t\n<style scope=\"scope\">\n\n#section_2112947857 {\n  padding-top: 50px;\n  padding-bottom: 50px;\n  background-color: #1f3989;\n}\n\n\n@media (min-width:550px) {\n\n  #section_2112947857 {\n    padding-top: 0px;\n    padding-bottom: 0px;\n  }\n\n}\n<\/style>\n\t<\/section>\n\t \t<section class=\"section\" id=\"section_385242828\">\n\t\t<div class=\"bg section-bg fill bg-fill  bg-loaded\" >\n\n\t\t\t\n\t\t\t\n\t\t\t\n\n\t\t<\/div>\n\n\t\t<div class=\"section-content relative\">\n\t\t\t \t<div id=\"gap-654781396\" class=\"gap-element clearfix\" style=\"display:block; height:auto;\">\n\t\t\n<style scope=\"scope\">\n\n#gap-654781396 {\n  padding-top: 60px;\n}\n<\/style>\n\t<\/div>\n\t <div class=\"row align-center\"  id=\"row-1441314872\"> \n\t<div class=\"col medium-10 small-12 large-10\"  >\n\t\t<div class=\"col-inner\"  >\n\t\t\t\n\t\t\t <div class=\"row row-large\"  id=\"row-1216741635\"> \n<style scope=\"scope\">\n\n<\/style>\n<\/div> \t\t<\/div>\n\t<\/div>\n\n\t \n<style scope=\"scope\">\n\n<\/style>\n<\/div> \t\t<\/div>\n\n\t\t\n<style scope=\"scope\">\n\n#section_385242828 {\n  padding-top: 0px;\n  padding-bottom: 0px;\n  background-color: #1f3989;\n}\n<\/style>\n\t<\/section>\n\t \n  <div class=\"banner has-hover\" id=\"banner-1327884928\">\n          <div class=\"banner-inner fill\">\n        <div class=\"banner-bg fill\" >\n            <div class=\"bg fill bg-fill \"><\/div>\n                        <div class=\"overlay\"><\/div>            \n                    <\/div>\n        <div class=\"banner-layers container\">\n            <div class=\"fill banner-link\"><\/div>                <div id=\"text-box-2003964488\" class=\"text-box banner-layer x50 md-x50 lg-x50 y50 md-y50 lg-y50 res-text\">\n                                <div class=\"text dark\">\n              \n              <div class=\"text-inner text-center\">\n                  \r\n<h1 style=\"text-transform: uppercase;\">Our Video<\/h1>\r\n              <\/div>\n           <\/div>\n                            \n<style scope=\"scope\">\n\n#text-box-2003964488 {\n  width: 88%;\n}\n#text-box-2003964488 .text {\n  font-size: 100%;\n}\n<\/style>\n    <\/div>\n          <\/div>\n      <\/div>\n\n            \n<style scope=\"scope\">\n\n#banner-1327884928 {\n  padding-top: 82px;\n  background-color: #1f3989;\n}\n#banner-1327884928 .overlay {\n  background-color: rgba(0, 0, 0, 0.17);\n}\n<\/style>\n  <\/div>\n\n <div class=\"row\" style=\"max-width:999px\" id=\"row-2120445254\"> \n\t<div class=\"col small-12 large-12\"  >\n\t\t<div class=\"col-inner\"  >\n\t\t\t\n\t\t\t\r\n<div class=\"epyt-video-wrapper\"><iframe loading=\"lazy\"  id=\"_ytid_83763\"  width=\"1020\" height=\"573\"  data-origwidth=\"1020\" data-origheight=\"573\"  data-relstop=\"1\" src=\"https:\/\/www.youtube.com\/embed\/1VdoCAAzod4?enablejsapi=1&autoplay=0&cc_load_policy=0&cc_lang_pref=&iv_load_policy=1&loop=0&modestbranding=1&rel=0&fs=1&playsinline=0&autohide=2&theme=dark&color=red&controls=1&\" class=\"__youtube_prefs__  no-lazyload\" title=\"YouTube player\"  allow=\"accelerometer; autoplay; clipboard-write; encrypted-media; gyroscope; picture-in-picture\" allowfullscreen data-no-lazy=\"1\" data-skipgform_ajax_framebjll=\"\"><\/iframe><\/div>\r\n\t\t<\/div>\n\t<\/div>\n\n\t \n<style scope=\"scope\">\n\n<\/style>\n<\/div> \t<section class=\"section dark\" id=\"section_894461503\">\n\t\t<div class=\"bg section-bg fill bg-fill  bg-loaded\" >\n\n\t\t\t\n\t\t\t\n\t\t\t\n\n\t\t<\/div>\n\n\t\t<div class=\"section-content relative\">\n\t\t\t\n\n\t<div id=\"gap-989525915\" class=\"gap-element clearfix\" style=\"display:block; height:auto;\">\n\t\t\n<style scope=\"scope\">\n\n#gap-989525915 {\n  padding-top: 30px;\n}\n<\/style>\n\t<\/div>\n\t\n\n<div class=\"row\"  id=\"row-999811019\">\n\n\n\t<div class=\"col medium-12 small-12 large-4\"  >\n\t\t<div class=\"col-inner\"  >\n\t\t\t\n\t\t\t\n\n\t<div class=\"img has-hover x md-x lg-x y md-y lg-y\" id=\"image_274243559\">\n\t\t\t\t\t\t\t\t<div class=\"img-inner dark\" >\n\t\t\t<img loading=\"lazy\" decoding=\"async\" width=\"417\" height=\"191\" src=\"https:\/\/beat-af.com\/wp-content\/uploads\/2021\/02\/Untitled-design-e1614040997588.png\" class=\"attachment-large size-large\" alt=\"\" \/>\t\t\t\t\t\t\n\t\t\t\t\t<\/div>\n\t\t\t\t\t\t\t\t\n<style scope=\"scope\">\n\n#image_274243559 {\n  width: 60%;\n}\n\n\n@media (min-width:550px) {\n\n  #image_274243559 {\n    width: 30%;\n  }\n\n}\n\n\n@media (min-width:850px) {\n\n  #image_274243559 {\n    width: 60%;\n  }\n\n}\n<\/style>\n\t<\/div>\n\t\n\n\t<div id=\"gap-91695704\" class=\"gap-element clearfix\" style=\"display:block; height:auto;\">\n\t\t\n<style scope=\"scope\">\n\n#gap-91695704 {\n  padding-top: 10px;\n}\n<\/style>\n\t<\/div>\n\t\n\n<p>IHU Liryc<br \/>\nCampus Xavier Arnozan<br \/>\nAvenue du Haut L\u00e9v\u00e8que, 33600 Pessac-Bordeaux-France<\/p>\n<a href=\"http:\/\/+335%203538%201938\" target=\"_self\" class=\"button white is-link is-small\"  >\n  <i class=\"icon-phone\" ><\/i>  <span>Call us<\/span>\n  <\/a>\n\n\n<a href=\"http:\/\/beat-af.management@ihu-liryc.fr\" target=\"_self\" class=\"button white is-link is-small\"  >\n  <i class=\"icon-envelop\" ><\/i>  <span>E-mail<\/span>\n  <\/a>\n\n\n\n\t\t<\/div>\n\t<\/div>\n\n\t\n\n\t<div class=\"col medium-12 small-12 large-8\"  >\n\t\t<div class=\"col-inner\"  >\n\t\t\t\n\t\t\t\n\n<div class=\"row row-small\"  id=\"row-127821375\">\n\n\n\t<div class=\"col hide-for-medium medium-8 small-12 large-8\"  >\n\t\t<div class=\"col-inner\" style=\"margin:-21px 0px 0px -74px;\" >\n\t\t\t\n\t\t\t\n\n<ul class=\"sidebar-wrapper ul-reset\"><\/ul>\n\n\n\t\t<\/div>\n\t<\/div>\n\n\t\n\n\t<div class=\"col show-for-small medium-8 small-12 large-8\"  >\n\t\t<div class=\"col-inner\" style=\"margin:0px 0px 0px -17px;\" >\n\t\t\t\n\t\t\t\n\n<ul class=\"sidebar-wrapper ul-reset\"><\/ul>\n\n\n\t\t<\/div>\n\t<\/div>\n\n\t\n\n\t<div class=\"col show-for-medium hide-for-small medium-8 small-12 large-8\"  >\n\t\t<div class=\"col-inner\"  >\n\t\t\t\n\t\t\t\n\n<ul class=\"sidebar-wrapper ul-reset\"><\/ul>\n\n\n\t\t<\/div>\n\t<\/div>\n\n\t\n\n\t<div class=\"col medium-4 small-12 large-4\"  >\n\t\t<div class=\"col-inner\"  >\n\t\t\t\n\t\t\t\n\n<h4>Menu<\/h4>\n<ul>\n<li class=\"bullet-arrow\"><span style=\"font-size: 90%;\"><a href=\"#\">Home<\/a><\/span><\/li>\n<li class=\"bullet-arrow\"><span style=\"font-size: 90%;\"><a href=\"#\">About the trial<\/a><\/span><\/li>\n<li class=\"bullet-arrow\"><span style=\"font-size: 90%;\"><a href=\"#\">Publications<\/a><\/span><\/li>\n<li class=\"bullet-arrow\"><span style=\"font-size: 90%;\"><a href=\"#\">Meet the participant<\/a><\/span><\/li>\n<li class=\"bullet-arrow\"><span style=\"font-size: 90%;\"><a href=\"#\">What is AF<\/a><\/span><\/li>\n<li class=\"bullet-arrow\"><span style=\"font-size: 90%;\"><a href=\"#\">What is PFA<\/a><\/span><\/li>\n<li class=\"bullet-arrow\"><span style=\"font-size: 90%;\"><a href=\"#\">Contact Us<\/a><\/span><\/li>\n<li class=\"bullet-arrow\"><span style=\"font-size: 90%;\"><a href=\"#\">Members Login<\/a><\/span><\/li>\n<\/ul>\n\n\t\t<\/div>\n\t<\/div>\n\n\t\n\n\n<style scope=\"scope\">\n\n<\/style>\n<\/div>\n\n\t\t<\/div>\n\t<\/div>\n\n\t\n\n\n<style scope=\"scope\">\n\n<\/style>\n<\/div>\n<div class=\"row\"  id=\"row-1582347906\">\n\n\n\t<div class=\"col small-12 large-12\"  >\n\t\t<div class=\"col-inner\" style=\"margin:-30px 0px -30px 0px;\" >\n\t\t\t\n\t\t\t\n\n<div class=\"is-divider divider clearfix\" style=\"max-width:100%;height:2px;background-color:rgb(255, 255, 255);\"><\/div>\n\n\n\t\t<\/div>\n\t<\/div>\n\n\t\n\n\n<style scope=\"scope\">\n\n<\/style>\n<\/div>\n<div class=\"row hide-for-small\"  id=\"row-872900090\">\n\n\n\t<div class=\"col medium-4 small-12 large-4\"  >\n\t\t<div class=\"col-inner text-left\"  >\n\t\t\t\n\t\t\t\n\n<p>&nbsp;<\/p>\n<p>\u00a9 2026 Beat AF<\/p>\n\n\t\t<\/div>\n\t<\/div>\n\n\t\n\n\t<div class=\"col medium-4 small-12 large-4\"  >\n\t\t<div class=\"col-inner\"  >\n\t\t\t\n\t\t\t\n\n<div class=\"social-icons follow-icons full-width text-center\" ><a href=\"#\" target=\"_blank\" data-label=\"Facebook\"  rel=\"noopener noreferrer nofollow\" class=\"icon plain facebook tooltip\" title=\"Follow on Facebook\"><i class=\"icon-facebook\" ><\/i><\/a><a href=\"#\" target=\"_blank\" rel=\"noopener noreferrer nofollow\" data-label=\"Instagram\" class=\"icon plain  instagram tooltip\" title=\"Follow on Instagram\"><i class=\"icon-instagram\" ><\/i><\/a><a href=\"#\" target=\"_blank\"  data-label=\"Twitter\"  rel=\"noopener noreferrer nofollow\" class=\"icon plain  twitter tooltip\" title=\"Follow on Twitter\"><i class=\"icon-twitter\" ><\/i><\/a><a href=\"#\" target=\"_blank\" rel=\"noopener noreferrer nofollow\" data-label=\"LinkedIn\" class=\"icon plain  linkedin tooltip\" title=\"Follow on LinkedIn\"><i class=\"icon-linkedin\" ><\/i><\/a><\/div>\n\n\n\t\t<\/div>\n\t<\/div>\n\n\t\n\n\t<div class=\"col medium-4 small-12 large-4\"  >\n\t\t<div class=\"col-inner text-right\"  >\n\t\t\t\n\t\t\t\n\n<a class=\"button white is-link is-small\"  >\n    <span>Terms<\/span>\n  <\/a>\n\n\n<a class=\"button white is-link is-small\"  >\n    <span>Privacy<\/span>\n  <\/a>\n\n\n<a class=\"button white is-link is-small\"  >\n    <span>Cookies<\/span>\n  <\/a>\n\n\n\n\t\t<\/div>\n\t<\/div>\n\n\t\n\n\n<style scope=\"scope\">\n\n<\/style>\n<\/div>\n<div class=\"row show-for-small\"  id=\"row-2020736944\">\n\n\n\t<div class=\"col small-12 large-12\"  >\n\t\t<div class=\"col-inner text-center\"  >\n\t\t\t\n\t\t\t\n\n<div class=\"social-icons follow-icons full-width text-center\" ><a href=\"#\" target=\"_blank\" data-label=\"Facebook\"  rel=\"noopener noreferrer nofollow\" class=\"icon plain facebook tooltip\" title=\"Follow on Facebook\"><i class=\"icon-facebook\" ><\/i><\/a><a href=\"#\" target=\"_blank\" rel=\"noopener noreferrer nofollow\" data-label=\"Instagram\" class=\"icon plain  instagram tooltip\" title=\"Follow on Instagram\"><i class=\"icon-instagram\" ><\/i><\/a><a href=\"#\" target=\"_blank\"  data-label=\"Twitter\"  rel=\"noopener noreferrer nofollow\" class=\"icon plain  twitter tooltip\" title=\"Follow on Twitter\"><i class=\"icon-twitter\" ><\/i><\/a><a href=\"#\" target=\"_blank\" rel=\"noopener noreferrer nofollow\" data-label=\"LinkedIn\" class=\"icon plain  linkedin tooltip\" title=\"Follow on LinkedIn\"><i class=\"icon-linkedin\" ><\/i><\/a><\/div>\n\n\t<div id=\"gap-1447019320\" class=\"gap-element clearfix\" style=\"display:block; height:auto;\">\n\t\t\n<style scope=\"scope\">\n\n#gap-1447019320 {\n  padding-top: 10px;\n}\n<\/style>\n\t<\/div>\n\t\n\n<p>\u00a9<br \/>\n2026 UX Themes<\/p>\n<a class=\"button white is-link is-small\"  >\n    <span>Terms<\/span>\n  <\/a>\n\n\n<a class=\"button white is-link is-small\"  >\n    <span>Privacy<\/span>\n  <\/a>\n\n\n<a class=\"button white is-link is-small\"  >\n    <span>Cookies<\/span>\n  <\/a>\n\n\n\n\t\t<\/div>\n\t<\/div>\n\n\t\n\n\n<style scope=\"scope\">\n\n<\/style>\n<\/div>\n\n\t\t<\/div>\n\n\t\t\n<style scope=\"scope\">\n\n#section_894461503 {\n  padding-top: 30px;\n  padding-bottom: 30px;\n  background-color: rgb(0,0,0);\n}\n\n\n@media (min-width:550px) {\n\n  #section_894461503 {\n    padding-top: 60px;\n    padding-bottom: 60px;\n  }\n\n}\n<\/style>\n\t<\/section>\n\t\r\n","protected":false},"excerpt":{"rendered":"","protected":false},"author":1,"featured_media":0,"parent":0,"menu_order":0,"comment_status":"closed","ping_status":"closed","template":"page-blank.php","meta":{"footnotes":""},"class_list":["post-1462","page","type-page","status-publish","hentry"],"_links":{"self":[{"href":"https:\/\/beat-af.com\/index.php?rest_route=\/wp\/v2\/pages\/1462","targetHints":{"allow":["GET"]}}],"collection":[{"href":"https:\/\/beat-af.com\/index.php?rest_route=\/wp\/v2\/pages"}],"about":[{"href":"https:\/\/beat-af.com\/index.php?rest_route=\/wp\/v2\/types\/page"}],"author":[{"embeddable":true,"href":"https:\/\/beat-af.com\/index.php?rest_route=\/wp\/v2\/users\/1"}],"replies":[{"embeddable":true,"href":"https:\/\/beat-af.com\/index.php?rest_route=%2Fwp%2Fv2%2Fcomments&post=1462"}],"version-history":[{"count":8,"href":"https:\/\/beat-af.com\/index.php?rest_route=\/wp\/v2\/pages\/1462\/revisions"}],"predecessor-version":[{"id":1507,"href":"https:\/\/beat-af.com\/index.php?rest_route=\/wp\/v2\/pages\/1462\/revisions\/1507"}],"wp:attachment":[{"href":"https:\/\/beat-af.com\/index.php?rest_route=%2Fwp%2Fv2%2Fmedia&parent=1462"}],"curies":[{"name":"wp","href":"https:\/\/api.w.org\/{rel}","templated":true}]}}